{"id":1511,"date":"2021-02-06T16:45:02","date_gmt":"2021-02-06T15:45:02","guid":{"rendered":"http:\/\/www.palmfiction.net\/blog\/?page_id=1511"},"modified":"2021-02-06T16:45:08","modified_gmt":"2021-02-06T15:45:08","slug":"da-jubelt-die-ostmark","status":"publish","type":"page","link":"https:\/\/www.palmfiction.net\/blog\/da-jubelt-die-ostmark\/","title":{"rendered":"Da jubelt die &#8222;Ostmark&#8220;"},"content":{"rendered":"<p>Als die ober\u00f6sterreichische Landesregierung im Jahr 2017 beschloss, den  deutschnationalen \u201eLandesdelegiertenconvent der pennalen Korporationen\u201c mit 120.000 Euro zu f\u00f6rdern, war die Aufregung gro\u00df. Schlie\u00dflich sind in diesem Convent f\u00fcnfzehn Burschenschaften mit so klingenden Namen wie \u201eOstmark zu Linz\u201c, \u201eGermania Ried\u201c oder \u201eNormannia Br\u00fcnn zu St. Florian\u201c versammelt, die aus ihrer Ideologie auch gar kein Hehl machen und sich ausdr\u00fccklich \u201ezur deutschen Volks- und Kulturgemeinschaft\u201c bekennen.<br \/>\nSoweit, so gruselig. Brisant wird die Angelegenheit aber, wenn man wei\u00df, dass der Beschluss damals auch mit den Stimmen des gr\u00fcnen Landesrats Rudolf Anschober gef\u00e4llt wurde.<br \/>\nAuf die Frage, weshalb er f\u00fcr die Subventionierung dieser eindeutig rechts gerichteten Gruppierungen gestimmt habe, sagte Rudolf Anschober:<br \/>\n\u201eDer n\u00e4chste Antrag wird von uns auf Herz und Nieren \u00fcberpr\u00fcft werden und es wird Bedingungen geben. Die F\u00f6rderungen, die vergangenes Jahr (2017) beschlossen wurden, sind aus meiner Sicht weit \u00fcberzogen und gehen ja auch ein Vielfaches dar\u00fcber hinaus, was andere Organisationen bekommen. Ich pers\u00f6nlich kann mir eine Zustimmung in dieser Gr\u00f6\u00dfenordnung in Zukunft nicht mehr vorstellen.\u201c<br \/>\nDas war 2018. Gro\u00df war also das Erstaunen, als dieser Tage die \u201eSolidarwerkstatt\u201c in Linz aufdeckte, dass 2020 die rechtsextremen Burschenschaften in O\u00d6 erneut mit 110.000 Euro gef\u00f6rdert wurden, und dass die Gr\u00fcnen wieder zugestimmt hatten, dieses Mal in der Person von Landesrat Stefan Kaineder. Nur die SP\u00d6 legte sich quer und verlangte eine gesonderte Abstimmung \u00fcber das en bloc zur Abstimmung gebrachte Kapitel \u201eJugendsubventionen\u201c, was Schwarz, Blau und Gr\u00fcn allerdings verhinderten.<br \/>\nRichtig ist, dass Herr LR Kaineder eine Protokollnotiz anbringen lie\u00df, dass er gegen die F\u00f6rderung der Burschenschaften sei, was de jure und de facto aber nichts daran \u00e4nderte, dass das Gesamtpaket (also auch die Subventionen an die Burschenschaften) auch mit den Stimmen von LR Kaineder beschlossen wurde. Die Protokollnotiz war also eine reine Alibiaktion, da die Subventionen in der beschlossenen H\u00f6he an die Burschenschaften ausbezahlt wurden.<br \/>\nIn den letzten zehn Jahren haben die rechtsextremen Burschenschaften in Ober\u00f6sterreich von der Landesregierung insgesamt 835.000 Euro f\u00fcr \u201eJugendarbeit, Pers\u00f6nlichkeitsbildung, Freizeitgestaltung, Fortbildung sowie Miete und Betriebskosten\u201c erhalten. Vermutet darf also werden, dass von diesem Geld nicht nur die Auftritte neonazistischer Liedermacher bezahlt wurden, sondern auch der Auftritt von Identit\u00e4ren-Chef Martin Sellner, der 2017 auf Einladung der Burschenschaft \u201eEysn zu Steyr\u201c einen Vortrag zum Thema \u201eDefend Europe\u201c hielt.<br \/>\nVor diesem Hintergrund darf an der Aufrichtigkeit von Landeshauptmann Thomas Stelzer gezweifelt werden, der vor Kurzem bei einer Veranstaltung in der Gedenkst\u00e4tte Hartheim sagte: \u201eWir dulden in Ober\u00f6sterreich keinen Antisemitismus, keinen Rassismus und keinen Extremismus.\u201c<br \/>\nDass die F\u00f6rderung der rechtsextremen Burschenschaften allerdings kein Zufall ist, zeigt sich auch daran, dass LH Stelzer im M\u00e4rz 2020 zwei Mitgliedern des \u201eLandesdelegiertenconvents der pennalen und fachstudentischen Corporationen\u201c f\u00fcr deren \u201eau\u00dfergew\u00f6hnliche Verdienste und hervorragende Leistungen\u201c das \u201eEhrenzeichen f\u00fcr Verdienste um die Jugend\u201c \u00fcberreichte.<br \/>\nBedenklich ist diese Politik auch im Hinblick darauf, dass Ober\u00f6sterreich seit Jahren die meisten rechtsradikalen Straftaten aller Bundesl\u00e4nder zu verzeichnen hat, und man darf schon die Frage stellen, welche Signale die Landesregierung mit ihrer Subventionspraxis aussenden will.<br \/>\n\u201eWir werden es als Gesellschaft niemals hinnehmen, dass Menschen in unserer Mitte ihre Ideologien und Waffen gegen unser Land, unsere Werte und unsere Lebenskultur richten. Diesen Gefahren und Gef\u00e4hrdern werden wir uns mit aller Entschiedenheit entgegenstellen.\u201c<br \/>\nDiese Worte von LH Thomas Stelzer finden sich im Jahreskalender der \u00d6VP O\u00d6, der dieser Tage gro\u00dffl\u00e4chig in den ober\u00f6sterreichischen Landgemeinden verteilt wurde. Wen Stelzer mit den \u201eGef\u00e4hrdern\u201c meinte, lie\u00df er offen, die Rechtsradikalen und Deutschnationalen werden damit aber wohl nicht gemeint sein.<\/p>\n<p>\u201eDer Standard\u201c, Kommentar der anderen, 25. J\u00e4nner 2021<\/p>\n","protected":false},"excerpt":{"rendered":"<p>Als die ober\u00f6sterreichische Landesregierung im Jahr 2017 beschloss, den deutschnationalen \u201eLandesdelegiertenconvent der pennalen Korporationen\u201c mit 120.000 Euro zu f\u00f6rdern, war die Aufregung gro\u00df. Schlie\u00dflich sind in diesem Convent f\u00fcnfzehn Burschenschaften mit so klingenden Namen wie \u201eOstmark zu Linz\u201c, \u201eGermania Ried\u201c oder \u201eNormannia Br\u00fcnn zu St. Florian\u201c versammelt, die aus ihrer Ideologie auch gar kein Hehl [&hellip;]<\/p>\n","protected":false},"author":2,"featured_media":0,"parent":0,"menu_order":0,"comment_status":"closed","ping_status":"closed","template":"","meta":{"footnotes":""},"class_list":["post-1511","page","type-page","status-publish","hentry"],"_links":{"self":[{"href":"https:\/\/www.palmfiction.net\/blog\/wp-json\/wp\/v2\/pages\/1511"}],"collection":[{"href":"https:\/\/www.palmfiction.net\/blog\/wp-json\/wp\/v2\/pages"}],"about":[{"href":"https:\/\/www.palmfiction.net\/blog\/wp-json\/wp\/v2\/types\/page"}],"author":[{"embeddable":true,"href":"https:\/\/www.palmfiction.net\/blog\/wp-json\/wp\/v2\/users\/2"}],"replies":[{"embeddable":true,"href":"https:\/\/www.palmfiction.net\/blog\/wp-json\/wp\/v2\/comments?post=1511"}],"version-history":[{"count":2,"href":"https:\/\/www.palmfiction.net\/blog\/wp-json\/wp\/v2\/pages\/1511\/revisions"}],"predecessor-version":[{"id":1513,"href":"https:\/\/www.palmfiction.net\/blog\/wp-json\/wp\/v2\/pages\/1511\/revisions\/1513"}],"wp:attachment":[{"href":"https:\/\/www.palmfiction.net\/blog\/wp-json\/wp\/v2\/media?parent=1511"}],"curies":[{"name":"wp","href":"https:\/\/api.w.org\/{rel}","templated":true}]}}

<p>Als die oberösterreichische Landesregierung im Jahr 2017 beschloss, den  deutschnationalen „Landesdelegiertenconvent der pennalen Korporationen“ mit 120.000 Euro zu fördern, war die Aufregung groß. Schließlich sind in diesem Convent fünfzehn Burschenschaften mit so klingenden Namen wie „Ostmark zu Linz“, „Germania Ried“ oder „Normannia Brünn zu St. Florian“ versammelt, die aus ihrer Ideologie auch gar kein Hehl machen und sich ausdrücklich „zur deutschen Volks- und Kulturgemeinschaft“ bekennen.<br />
Soweit, so gruselig. Brisant wird die Angelegenheit aber, wenn man weiß, dass der Beschluss damals auch mit den Stimmen des grünen Landesrats Rudolf Anschober gefällt wurde.<br />
Auf die Frage, weshalb er für die Subventionierung dieser eindeutig rechts gerichteten Gruppierungen gestimmt habe, sagte Rudolf Anschober:<br />
„Der nächste Antrag wird von uns auf Herz und Nieren überprüft werden und es wird Bedingungen geben. Die Förderungen, die vergangenes Jahr (2017) beschlossen wurden, sind aus meiner Sicht weit überzogen und gehen ja auch ein Vielfaches darüber hinaus, was andere Organisationen bekommen. Ich persönlich kann mir eine Zustimmung in dieser Größenordnung in Zukunft nicht mehr vorstellen.“<br />
Das war 2018. Groß war also das Erstaunen, als dieser Tage die „Solidarwerkstatt“ in Linz aufdeckte, dass 2020 die rechtsextremen Burschenschaften in OÖ erneut mit 110.000 Euro gefördert wurden, und dass die Grünen wieder zugestimmt hatten, dieses Mal in der Person von Landesrat Stefan Kaineder. Nur die SPÖ legte sich quer und verlangte eine gesonderte Abstimmung über das en bloc zur Abstimmung gebrachte Kapitel „Jugendsubventionen“, was Schwarz, Blau und Grün allerdings verhinderten.<br />
Richtig ist, dass Herr LR Kaineder eine Protokollnotiz anbringen ließ, dass er gegen die Förderung der Burschenschaften sei, was de jure und de facto aber nichts daran änderte, dass das Gesamtpaket (also auch die Subventionen an die Burschenschaften) auch mit den Stimmen von LR Kaineder beschlossen wurde. Die Protokollnotiz war also eine reine Alibiaktion, da die Subventionen in der beschlossenen Höhe an die Burschenschaften ausbezahlt wurden.<br />
In den letzten zehn Jahren haben die rechtsextremen Burschenschaften in Oberösterreich von der Landesregierung insgesamt 835.000 Euro für „Jugendarbeit, Persönlichkeitsbildung, Freizeitgestaltung, Fortbildung sowie Miete und Betriebskosten“ erhalten. Vermutet darf also werden, dass von diesem Geld nicht nur die Auftritte neonazistischer Liedermacher bezahlt wurden, sondern auch der Auftritt von Identitären-Chef Martin Sellner, der 2017 auf Einladung der Burschenschaft „Eysn zu Steyr“ einen Vortrag zum Thema „Defend Europe“ hielt.<br />
Vor diesem Hintergrund darf an der Aufrichtigkeit von Landeshauptmann Thomas Stelzer gezweifelt werden, der vor Kurzem bei einer Veranstaltung in der Gedenkstätte Hartheim sagte: „Wir dulden in Oberösterreich keinen Antisemitismus, keinen Rassismus und keinen Extremismus.“<br />
Dass die Förderung der rechtsextremen Burschenschaften allerdings kein Zufall ist, zeigt sich auch daran, dass LH Stelzer im März 2020 zwei Mitgliedern des „Landesdelegiertenconvents der pennalen und fachstudentischen Corporationen“ für deren „außergewöhnliche Verdienste und hervorragende Leistungen“ das „Ehrenzeichen für Verdienste um die Jugend“ überreichte.<br />
Bedenklich ist diese Politik auch im Hinblick darauf, dass Oberösterreich seit Jahren die meisten rechtsradikalen Straftaten aller Bundesländer zu verzeichnen hat, und man darf schon die Frage stellen, welche Signale die Landesregierung mit ihrer Subventionspraxis aussenden will.<br />
„Wir werden es als Gesellschaft niemals hinnehmen, dass Menschen in unserer Mitte ihre Ideologien und Waffen gegen unser Land, unsere Werte und unsere Lebenskultur richten. Diesen Gefahren und Gefährdern werden wir uns mit aller Entschiedenheit entgegenstellen.“<br />
Diese Worte von LH Thomas Stelzer finden sich im Jahreskalender der ÖVP OÖ, der dieser Tage großflächig in den oberösterreichischen Landgemeinden verteilt wurde. Wen Stelzer mit den „Gefährdern“ meinte, ließ er offen, die Rechtsradikalen und Deutschnationalen werden damit aber wohl nicht gemeint sein.</p>
<p>„Der Standard“, Kommentar der anderen, 25. Jänner 2021</p>

<p>Als die oberösterreichische Landesregierung im Jahr 2017 beschloss, den deutschnationalen „Landesdelegiertenconvent der pennalen Korporationen“ mit 120.000 Euro zu fördern, war die Aufregung groß. Schließlich sind in diesem Convent fünfzehn Burschenschaften mit so klingenden Namen wie „Ostmark zu Linz“, „Germania Ried“ oder „Normannia Brünn zu St. Florian“ versammelt, die aus ihrer Ideologie auch gar kein Hehl [&hellip;]</p>
